
109
Calculate the highest common factor of 55 and 5731.
11
Calculate the highest common factor of 2072 and 56.
56
What is the highest common factor of 50 and 36?
2
Calculate the highest common divisor of 33 and 528.
33
Calculate the greatest common divisor of 1829 and 93.
31
What is the greatest common divisor of 31 and 62?
31
What is the greatest common factor of 6 and 15?
3
Calculate the highest common factor of 84 and 4494.
42
What is the greatest common divisor of 3264 and 204?
204
What is the highest common factor of 50 and 175?
25
What is the highest common divisor of 20 and 155?
5
Calculate the greatest common factor of 2403 and 27.
27
What is the greatest common factor of 89 and 1691?
89
Calculate the highest common divisor of 513 and 1512.
27
Calculate the greatest common divisor of 129 and 21.
3
Calculate the highest common factor of 10 and 12.
2
Calculate the highest common factor of 5549 and 31.
31
Calculate the greatest common factor of 4625 and 20.
5
Calculate the highest common factor of 387 and 18.
9
Calculate the greatest common divisor of 256 and 8.
8
Calculate the greatest common factor of 30680 and 8.
8
What is the greatest common divisor of 182 and 286?
26
What is the greatest common factor of 16 and 64?
16
Calculate the highest common divisor of 5 and 55.
5
Calculate the highest common divisor of 78 and 2.
2
What is the highest common factor of 2090 and 950?
190
Calculate the highest common factor of 156 and 104.
52
Calculate the greatest common factor of 359 and 2.
1
Calculate the greatest common divisor of 119 and 4284.
119
What is the highest common divisor of 35 and 7?
7
Calculate the highest common divisor of 6032 and 26.
26
Calculate the highest common factor of 785 and 2983.
157
What is the greatest common divisor of 93 and 1705?
31
What is the highest common factor of 4 and 100?
4
What is the greatest common factor of 2072 and 168?
56
Calculate the highest common factor of 1230 and 165.
15
Calculate the highest common factor of 66 and 682.
22
Calculate the greatest common factor of 42 and 1274.
14
What is the highest common factor of 27 and 24?
3
Calculate the highest common divisor of 20322 and 72.
18
What is the greatest common factor of 129 and 2279?
43
What is the greatest common factor of 378 and 3591?
189
Calculate the greatest common divisor of 7000 and 980.
140
Calculate the highest common divisor of 22 and 152.
2
What is the highest common factor of 1575 and 3500?
175
Calculate the greatest common factor of 32 and 688.
16
What is the highest common factor of 84 and 420?
84
Calculate the highest common divisor of 231 and 336.
21
What is the highest common factor of 2700 and 120?
60
Calculate the highest common divisor of 19575 and 90.
45
What is the highest common divisor of 28 and 18746?
14
What is the highest common factor of 3 and 57?
3
What is the highest common factor of 2163 and 63?
21
What is the highest common factor of 325 and 351?
13
What is the greatest common divisor of 189 and 43533?
63
Calculate the greatest common factor of 26 and 286.
26
What is the greatest common factor of 51 and 23511?
51
Calculate the highest common divisor of 12 and 9708.
12
Calculate the highest common factor of 330 and 8340.
30
Calculate the highest common factor of 180 and 27.
9
Calculate the greatest common divisor of 88 and 11.
11
Calculate the greatest common divisor of 189 and 17451.
63
What is the greatest common factor of 1141 and 413?
7
What is the greatest common factor of 756 and 108?
108
What is the highest common factor of 872 and 104?
8
Calculate the highest common factor of 682 and 55.
11
What is the greatest common divisor of 192 and 5664?
96
What is the highest common factor of 54 and 720?
18
What is the highest common factor of 29 and 14123?
29
Calculate the highest common divisor of 44 and 253.
11
Calculate the highest common divisor of 208 and 22.
2
Calculate the greatest common factor of 6472 and 8.
8
Calculate the highest common factor of 1127 and 70.
7
Calculate the greatest common divisor of 180 and 5700.
60
What is the greatest common factor of 462 and 1925?
77
Calculate the greatest common divisor of 42 and 114.
6
What is the highest common factor of 219 and 5402?
73
What is the greatest common divisor of 16 and 656?
16
What is the greatest common factor of 341 and 77?
11
What is the highest common factor of 123 and 44977?
41
Calculate the greatest common divisor of 33 and 858.
33
Calculate the highest common factor of 625 and 425.
25
What is the greatest common factor of 117 and 1014?
39
Calculate the highest common divisor of 19053 and 29.
29
What is the greatest common factor of 23 and 851?
23
What is the greatest common factor of 3159 and 117?
117
Calculate the greatest common factor of 5145 and 30.
15
What is the highest common factor of 8 and 336?
8
What is the greatest common factor of 216 and 768?
24
What is the highest common divisor of 69 and 299?
23
What is the greatest common factor of 40 and 6320?
40
What is the highest common factor of 16 and 176?
16
What is the greatest common factor of 7704 and 24?
24
What is the highest common divisor of 1 and 3?
1
Calculate the highest common factor of 611 and 26.
13
What is the greatest common divisor of 23 and 15157?
23
Calculate the greatest common factor of 361 and 1748.
19
Calculate the highest common divisor of 3724 and 392.
196
What is the highest common divisor of 64 and 4?
4
What is the highest common factor of 124 and 7564?
124
What is the highest common factor of 330 and 1848?
66
Calculate the greatest common factor of 630 and 130.
10
Calculate the highest common divisor of 17 and 68.
17
Calculate the highest common factor of 75288 and 12.
12
What is the highest common divisor of 325 and 455?
65
Calculate the highest common factor of 55 and 1067.
11
What is the greatest common divisor of 1950 and 1482?
78
What is the greatest common divisor of 294 and 17003?
49
What is the greatest common factor of 968 and 363?
121
What is the greatest common factor of 28 and 1918?
14
What is the highest common factor of 1302 and 42?
42
Calculate the greatest common factor of 448 and 98.
14
Calculate the highest common factor of 1392 and 377.
29
What is the greatest common divisor of 444 and 84?
12
Calculate the greatest common factor of 129 and 301.
43
Calculate the highest common factor of 6490 and 20.
10
Calculate the greatest common divisor of 184 and 8.
8
Calculate the highest common divisor of 6 and 492.
6
Calculate the highest common factor of 57 and 125.
1
What is the greatest common divisor of 5597 and 386?
193
What is the greatest common divisor of 68 and 2668?
4
Calculate the greatest common divisor of 594 and 12.
6
What is the highest common divisor of 3740 and 495?
55
What is the greatest common divisor of 4525 and 50?
25
What is the highest common divisor of 171 and 228?
57
What is the highest common divisor of 1575 and 15?
15
Calculate the highest common factor of 276 and 15663.
69
Calculate the greatest common divisor of 14 and 5733.
7
What is the greatest common factor of 6402 and 44?
22
What is the greatest common divisor of 254 and 4?
2
Calculate the highest common factor of 1694 and 66.
22
What is the greatest common factor of 3759 and 21?
21
Calculate the greatest common divisor of 12963 and 298.
149
Calculate the greatest common divisor of 399 and 39.
3
Calculate the greatest common divisor of 1496 and 308.
44
Calculate the highest common divisor of 270 and 930.
30
What is the highest common divisor of 435 and 696?
87
What is the highest common divisor of 13319 and 76?
19
Calculate the highest common divisor of 91 and 56.
7
Calculate the greatest common divisor of 9 and 501.
3
Calculate the greatest common divisor of 858 and 8514.
66
Calculate the highest common factor of 448 and 9184.
224
Calculate the highest common factor of 1152 and 360.
72
Calculate the greatest common divisor of 62 and 248.
62
Calculate the highest common divisor of 1010 and 170.
10
Calculate the highest common divisor of 3 and 1.
1
Calculate the greatest common factor of 73 and 73.
73
What is the greatest common divisor of 437 and 19?
19
Calculate the highest common factor of 45 and 16155.
45
What is the greatest common factor of 9 and 696?
3
Wha